t of v?
2
Let l = 5 - 1. Suppose 10*r + v = 5*r + 15, 5*r = 4*v - 10. Suppose -r*c + l = -c. What is the units digit of c?
4
Suppose -450 = -3*n - 0*n. What is the tens digit of n?
5
Let u = 10 - 6. Suppose 2*y = -j + 19 - 4, 2*j + 10 = u*y. What is the units digit of y?
5
Let v = 3 - 6. What is the tens digit of 2/v*(4 - 46)?
2
Suppose -4*s - 4 + 8 = 0. What is the units digit of s?
1
Let x be -1*(-3 + 1)/1. Suppose n = 5, 3*d - x*n = -d + 6. What is the units digit of d?
4
Let h(z) = z**3 - 5*z**2 + 4*z - 3. Let g be h(3). What is the units digit of ((-3)/g)/((-2)/(-12))?
2
Let c(b) = 3*b**2 - 26*b + 5. What is the tens digit of c(15)?
9
Let h(k) = 11*k + 6. What is the tens digit of h(5)?
6
Let f = 3 + 4. Let g(m) = -m**3 + 6*m**2 + 6*m + 8. Let k be g(f). What is the units digit of (-29)/(-5) - k/(-5)?
6
Suppose 0 = -4*s, 4*s + 62 = i - s. What is the tens digit of i?
6
What is the hundreds digit of 1 + 1 + 2/((-4)/(-302))?
1
Suppose -2 = -3*w + 4. Let u be 2/((1/1)/w). Suppose u*n - 5 = 7. What is the units digit of n?
3
Suppose -6 = -4*y + g - 3*g, -27 = -5*y + 4*g. Let d be (9/6)/(y/20). Suppose -3*z - 1 = -d. What is the units digit of z?
3
Let t = -51 - -79. Let b = 42 - t. What is the units digit of b?
4
What is the units digit of (-23 - -2)*(52/(-12) + -3)?
4
Let o = -13 - -17. Suppose o = 3*b + b, -4*k + 43 = -5*b. What is the units digit of k?
2
Suppose 0 = -2*r - 1 - 7, 173 = -5*t - 2*r. Let f be (-2 - 1)*(-1)/3. What is the units digit of t/(-12) + f/4?
3
Let h = 69 + -5. Suppose -2*b - 2*b + h = 0. What is the tens digit of b?
1
Suppose -20 = -2*t - p, -6*t + p + 35 = -3*t. Let q(u) = 8*u - 1 - 2 + 10*u**2 - t*u**2. What is the units digit of q(6)?
9
Let o(v) = -v**3 - 7*v**2 - 7*v - 35. What is the units digit of o(-8)?
5
Suppose 0 = 8*g - 308 - 580. What is the tens digit of g?
1
Let l(f) = 65*f**3 + f**2 - f. What is the tens digit of l(1)?
6
Let c be 2/(-3) + (-3)/9. What is the tens digit of (-1)/(3*c/66)?
2
Let g(x) = 12 + 3 + x**2 - 3*x + 12 - 20. Let u(a) = a**3 - a**2 + 2*a - 3. Let r be u(2). What is the units digit of g(r)?
7
Suppose -i + 5*i + 16 = 4*m, 2*i + 3 = m. Suppose v - 3 + i = 0. What is the units digit of v?
2
Let x = 323 - 129. What is the hundreds digit of x?
1
Let h(p) = -p**2 - 4*p - 4. Let q be h(-4). Let n = 6 - q. What is the units digit of n?
0
Suppose 0 = 4*u - 9*u - 2*t + 73, -u = -3*t - 1. Suppose 4*l - u + 1 = 0. What is the units digit of l?
3
Suppose 11*t + 15*t - 9620 = 0. What is the hundreds digit of t?
3
Let d = 4 + -19. Let k = d + 39. What is the units digit of k?
4
Let j be (1 - 11)*1/2. Suppose 5 = s - 2. Let c = s + j. What is the units digit of c?
2
Let m(h) = -36*h + 12. What is the hundreds digit of m(-3)?
1
Suppose -4*p - 70 = -294. Suppose 23*b - 24*b = -p. What is the units digit of b?
6
Let k be 7 + -2*(-2 - -3). Suppose k*u + 5 = 70. What is the tens digit of u?
1
Let o = 12 + -22. Let c = o - -13. What is the units digit of c?
3
What is the hundreds digit of 492/8*2 + -4?
1
Let x(c) = -c + 6. Let y be x(3). Suppose j + y*a - 22 = 0, 0*a - 15 = -5*a. Suppose 2*u - j = 25. What is the units digit of u?
9
Let z(k) = k**3 + 9*k**2 - 15*k - 15. What is the tens digit of z(-10)?
3
Suppose u + 12 + 7 = -l, -5*u = -2*l + 95. Let b = u + 31. What is the units digit of b?
2
Suppose -7*z + 0 + 35 = 0. Let k(m) = m**2 - 7*m - 6. Let h be k(7). What is the units digit of h/15 - (-72)/z?
4
Let x(f) = -f**3 - 5*f**2 + 3*f + 1. Let b be x(-6). Suppose 37 + b = 3*s + 2*i, 0 = -4*i + 4. What is the units digit of s?
8
Suppose 5*n - 492 = 123. What is the hundreds digit of n?
1
Suppose -2*u + 152 = -3*t, 4*t + 232 + 162 = 5*u. Suppose 4*p - u = -18. What is the units digit of (p/20)/(2/35)?
4
Suppose -3*a + 7 = 4*r, 3*a = a - 6. Suppose 0 = -r*y + 1 - 5. What is the units digit of (-1 - -3) + (-5)/y?
7
Let h be (-8)/(-10)*(-20)/(-8). Suppose 2*z + 2*a - 57 = z, -h*z = -a - 94. Let p = -28 + z. What is the tens digit of p?
2
Let f = -18 + 32. Suppose 3*t - 4*p - 37 = -5, -3*p = -t + f. What is the units digit of t?
8
Let x(w) = -78*w + 10. What is the units digit of x(-3)?
4
Let c(b) = -3*b**3 + b**2 - 1. Let o be c(-1). Suppose -7*q + 150 = -o*q - 2*m, 5*q + 5*m - 195 = 0. What is the tens digit of q?
3
Let d(r) = r - 5. Let j be d(-10). Let o = 22 + j. What is the units digit of o?
7
Suppose 4 + 5 = 3*c. Suppose -5*h = -8*h + 12. Suppose -5*o + 17 = h*m - 0*o, c*m = -2*o + 18. What is the units digit of m?
8
Let c(b) = 5*b**2 + 4*b - 15. What is the units digit of c(-6)?
1
What is the hundreds digit of 7/(42/1143) + 2/(-4)?
1
Let q = 14 - 14. Let d(p) = p**2 + p + 15. What is the units digit of d(q)?
5
What is the tens digit of 14 + (-9)/(-1 + 4)?
1
Let u = -62 - -208. What is the hundreds digit of u?
1
Let f(y) = 2*y + 18. What is the tens digit of f(0)?
1
Let z = 9 + 15. What is the tens digit of z?
2
Let a = -8 - -6. What is the tens digit of (12 - a) + 1 + 1?
1
Let n be 4/(-12) + 65/(-3). Let c be 6 - 5 - (-1 - n). Let r = c + 30. What is the tens digit of r?
1
Let g = -10 - 2. Let q be (2 + 1)*g/9. Let j = q + 10. What is the units digit of j?
6
Suppose 4*x + 0*x - 32 = 0. Let l(v) = v**2 - 6*v. What is the units digit of l(x)?
6
Let j(t) = -t - 1. Let u be j(-5). Let f be (-4 - -4)*(-1)/3. Suppose 5*w = -p + 27, 4*w - 28 = -u*p - f*p. What is the units digit of p?
2
Suppose 0 = h + 4*h - 225. What is the units digit of (-4)/3*h/(-30)?
2
Let m be (-4)/6 + (-32)/(-12). Let z be 2/(-8) - m/(-8). Suppose z*i = 4*i - 4. What is the units digit of i?
1
Suppose 60 = 18*v - 13*v. What is the units digit of v?
2
Let j = -2 + 2. Let v(k) = -k**2 + k + 4. Let p be v(j). Suppose 10 = p*m - 10. What is the units digit of m?
5
Suppose 51 + 9 = v. Suppose v = 2*c - 20. What is the tens digit of c?
4
Let a = 28 + 3. Let q = a - 20. What is the tens digit of q?
1
Let u(p) = -36*p + 2. What is the units digit of u(-1)?
8
Let m = -8 + 13. Suppose -m*z = -129 - 21. Suppose 4*s - z = -s. What is the units digit of s?
6
Suppose z = -0*z + 11. Suppose -j + z = 4*b - 6, 3*j - 3*b - 36 = 0. What is the units digit of j?
3
Suppose 2*f - 30 = -c - 0*f, 5*f = 25. Suppose 4*u = -u + c. Suppose 3*d = -2*n + 5 - 0, d - u = -3*n. What is the units digit of d?
1
Let k = 16 + -22. Let y(f) = -2*f - 3. Let a be y(k). Let q(l) = l**2 - 8*l - 3. What is the units digit of q(a)?
6
Let q(j) = 0*j**2 + 2*j + j**2 + 7 - 2. Let a be 28/(-7) - (0 - 0). What is the units digit of q(a)?
3
Let w = 251 + -176. Suppose -w = -u - 2*u. Suppose -3*z + u = 2*z. What is the units digit of z?
5
Suppose 0 = -2*g + 3*c + 19, 6*g - 18 = 2*g + 2*c. Let f = -2 + 9. Suppose 9 + f = g*y. What is the units digit of y?
8
Let l = 58 + 8. What is the tens digit of l?
6
Let p(h) = -h**2 + 3*h + 4. Let a be p(3). Let r = 11 + a. What is the units digit of r?
5
Let o(p) = -p**3 - 2*p**2 + 2*p + 2. Let j be 2/5 - 17/5. What is the units digit of o(j)?
5
Let l = 9 + -17. Let v = l - -14. Let g = v + 3. What is the units digit of g?
9
Let m = -57 + 70. What is the units digit of m?
3
Suppose -3*u - 5*q = -21, 6*u - 3*u = -4*q + 18. Suppose 28 = 4*n - 5*c, -3*c - 2*c - 14 = -u*n. What is the units digit of n?
7
Suppose 0 = 4*t, 3*p + 0*t + 2*t - 12 = 0. Suppose -p*b + 12 = -4. What is the units digit of b?
4
Suppose -2*h + 20 = 3*h. Let d = -2 + h. What is the units digit of 7 - -4*(-1)/d?
5
Suppose a - 2*m - 21 = -4*m, -4*a - 2*m = -102. What is the tens digit of a?
2
Let j = -14 - -9. What is the tens digit of (-53)/j + (-6)/(-15)?
1
Suppose 3*f + 0 = -9. What is the units digit of f/(-2) - (-51)/6?
0
Let r(f) = -2*f + 12. Let l be r(-15). Let b = -24 + l. What is the units digit of b?
8
Let q be ((-2)/5)/((-5)/50). Suppose -q*x + 25 = 5. What is the units digit of x?
5
Suppose a - 3*a - i = -5, 5*a + 3*i = 12. Let x be (a - -2)*(-6)/(-1). Suppose c - x = -4*c. What is the units digit of c?
6
Let s be 14*(-3)/(-9)*-3. Let c(q) = 22*q**3 + q**2. Let g be c(1). Let o = s + g. What is the units digit of o?
9
Let y = 2 + 8. Let x = y + -10. Suppose 2*m + 3*m - 85 = x. What is the units digit of m?
7
Suppose l = 66 + 85. What is the tens digit of l?
5
Let o(n) = n**2 + 2 + 3*n + 5*n - 9. Suppose 0 = 3*u - 2*u - 3*k + 19, 0 = -u - 3*k - 1. What is the tens